22?
400
What is the remainder when 28761 is divided by 146?
145
What is the remainder when 1222 is divided by 53?
3
What is the remainder when 94606 is divided by 584?
582
What is the remainder when 39910 is divided by 189?
31
What is the remainder when 9226 is divided by 6?
4
What is the remainder when 240044 is divided by 27?
14
Calculate the remainder when 153 is divided by 126.
27
Calculate the remainder when 63588 is divided by 963.
30
What is the remainder when 2069 is divided by 419?
393
Calculate the remainder when 277775 is divided by 380.
375
Calculate the remainder when 516694 is divided by 28.
10
What is the remainder when 316 is divided by 107?
102
Calculate the remainder when 19147 is divided by 89.
12
What is the remainder when 83987 is divided by 140?
127
Calculate the remainder when 254 is divided by 138.
116
Calculate the remainder when 12835 is divided by 12624.
211
Calculate the remainder when 645 is divided by 204.
33
What is the remainder when 6867 is divided by 127?
9
What is the remainder when 1362 is divided by 216?
66
Calculate the remainder when 17118 is divided by 4269.
42
Calculate the remainder when 12821 is divided by 12775.
46
Calculate the remainder when 56428 is divided by 62.
8
What is the remainder when 30905 is divided by 30896?
9
Calculate the remainder when 4625 is divided by 1542.
1541
Calculate the remainder when 8364 is divided by 248.
180
What is the remainder when 5319798 is divided by 21?
15
What is the remainder when 301296 is divided by 37?
5
What is the remainder when 192661 is divided by 25?
11
Calculate the remainder when 658525 is divided by 681.
679
Calculate the remainder when 8327278 is divided by 680.
678
Calculate the remainder when 395470 is divided by 1284.
1282
What is the remainder when 271254 is divided by 14276?
10
Calculate the remainder when 42086 is divided by 97.
85
What is the remainder when 7417 is divided by 191?
159
What is the remainder when 16371 is divided by 5438?
57
What is the remainder when 63458 is divided by 123?
113
Calculate the remainder when 1186 is divided by 540.
106
What is the remainder when 12522 is divided by 1911?
1056
Calculate the remainder when 6533 is divided by 883.
352
Calculate the remainder when 104348 is divided by 71.
49
What is the remainder when 6660 is divided by 185?
0
Calculate the remainder when 2108 is divided by 11.
7
Calculate the remainder when 21918 is divided by 537.
438
Calculate the remainder when 2653 is divided by 1278.
97
What is the remainder when 618682 is divided by 38?
4
Calculate the remainder when 23903 is divided by 86.
81
What is the remainder when 3259 is divided by 312?
139
Calculate the remainder when 18672 is divided by 40.
32
What is the remainder when 203211 is divided by 122?
81
Calculate the remainder when 5154 is divided by 858.
6
Calculate the remainder when 22683 is divided by 2056.
67
What is the remainder when 1337 is divided by 63?
14
What is the remainder when 2946 is divided by 2946?
0
Calculate the remainder when 6232 is divided by 6207.
25
Calculate the remainder when 65638 is divided by 2117.
11
Calculate the remainder when 244088 is divided by 540.
8
Calculate the remainder when 69713 is divided by 116.
113
Calculate the remainder when 8862 is divided by 623.
140
What is the remainder when 2018 is divided by 113?
97
What is the remainder when 25384 is divided by 117?
112
What is the remainder when 6146 is divided by 512?
2
What is the remainder when 33761 is divided by 102?
101
Calculate the remainder when 11931 is divided by 12.
3
What is the remainder when 367042 is divided by 378?
4
What is the remainder when 16630 is divided by 406?
390
What is the remainder when 68015 is divided by 334?
213
What is the remainder when 189744 is divided by 55?
49
Calculate the remainder when 4711 is divided by 1460.
331
What is the remainder when 31091 is divided by 30784?
307
What is the remainder when 75129 is divided by 25041?
6
What is the remainder when 4588 is divided by 596?
416
Calculate the remainder when 25655 is divided by 295.
285
What is the remainder when 24814 is divided by 7?
6
Calculate the remainder when 421088 is divided by 42.
38
What is the remainder when 1546 is divided by 105?
76
What is the remainder when 24339 is divided by 2423?
109
What is the remainder when 22673 is divided by 19?
6
Calculate the remainder when 1233 is divided by 1171.
62
What is the remainder when 1197 is divided by 364?
105
Calculate the remainder when 1486443 is divided by 51.
48
What is the remainder when 171775 is divided by 128?
127
Calculate the remainder when 273733 is divided by 136859.
15
Calculate the remainder when 3720017 is divided by 29.
13
What is the remainder when 46080 is divided by 698?
12
Calculate the remainder when 68150 is divided by 6801.
140
Calculate the remainder when 7241 is divided by 790.
131
What is the remainder when 15016 is divided by 482?
74
Calculate the remainder when 2418 is divided by 128.
114
Calculate the remainder when 5294 is divided by 936.
614
What is the remainder when 21365 is divided by 319?
311
Calculate the remainder when 118159 is divided by 3282.
7
Calculate the remainder when 34756 is divided by 220.
216
What is the remainder when 17174 is divided by 3428?
34
What is the remainder when 11373 is divided by 5686?
1
What is the remainder when 1283 is divided by 37?
25
Calculate the remainder when 46235 is divided by 1491.
14
Calculate the remainder when 97223 is divided by 173.
170
What is the remainder when 2285 is divided by 1072?
141
Calculate the remainder when 263711 is divided by 133.
105
What is the remainder when 1826 is divided by 622?
582
Calculate the remainder when 14903 is divided by 35.
28
What is the remainder when 142855 is divided by 56?
55
Calculate the remainder when 274377 is divided by 204.
201
What is the remainder when 79145 is divided by 194?
187
What is the remainder when 2631 is divided by 670?
621
What is the remainder when 187418 is divided by 5?
3
What is the remainder when 941 is divided by 42?
17
Calculate the remainder when 157737 is divided by 717.
714
What is the remainder when 201035 is divided by 100514?
7
Calculate the remainder when 31343 is divided by 108.
23
Calculate the remainder when 2659 is divided by 2606.
53
Calculate the remainder when 78332 is divided by 6527.
8
Calculate the remainder when 42461 is divided by 159.
8
Calculate the remainder when 160255 is divided by 64.
63
What is the remainder when 145785 is divided by 74?
5
Calculate the remainder when 278299 is divided by 17393.
11
Calculate the remainder when 2641 is divided by 1144.
353
What is the remainder when 13292 is divided by 12807?
485
What is the remainder when 1641 is divided by 1586?
55
Calculate the remainder when 314389 is divided by 256.
21
Calculate the remainder when 1128 is divided by 96.
72
What is the remainder when 686 is divided by 228?
2
Calculate the remainder when 303019 is divided by 81.
79
What is the remainder when 5393 is divided by 305?
208
Calculate the remainder when 1681040 is divided by 86.
84
Calculate the remainder when 464 is divided by 369.
95
Calculate the remainder when 8875 is divided by 39.
22
Calculate the remainder when 5789 is divided by 323.
298
What is the remainder when 5555 is divided by 554?
15
Calculate the remainder when 10906 is divided by 3361.
823
What is the remainder when 11847 is divided by 11837?
10
What is the remainder when 374 is divided by 74?
4
What is the remainder when 1970 is divided by 1948?
22
What is the remainder when 1289 is divided by 108?
101
What is the remainder when 144820 is divided by 48266?
22
Calculate the remainder when 3451 is divided by 247.
240
Calculate the remainder when 2449 is divided by 611.
5
Calculate the remainder when 33586 is divided by 282.
28
Calculate the remainder when 1546 is divided by 256.
10
Calculate the remainder when 252507 is divided by 285.
282
What is the remainder when 4628 is divided by 2312?
4
What is the remainder when 8457 is divided by 18?
15
Calculate the remainder when 23287 is divided by 82.
81
What is the remainder when 6592 is divided by 1199?
597
Calculate the remainder when 1344246 is divided by 19768.
22
Calculate the remainder when 561 is divi